, -4*g - z = -2*z - 15. Let v(k) = -4*k**3 - 2 + 3*k**g + 3*k - 2*k + 1 + 2*k**2. Let s(l) = 3*l**2 + l. Let p be s(-1). What is v(p)?
1
Suppose -d - 22 - 17 = -5*l, -27 = -l + 5*d. Let j be l/(-14)*0/1. Let t(a) = -a**2 + 2. Determine t(j).
2
Let d(s) = -s**2 - 6*s. Let r be 3 - (6 - (3 + -6)). Determine d(r).
0
Let i(g) be the second derivative of -g**3/2 + 3*g**2/2 + g. Suppose -3*r = -2*f - 9, -f = 5*r + 3*f - 37. Let a = r + -2. What is i(a)?
-6
Let z(q) = q**3 + 10*q - 3*q - 8*q**3 - 7 + 4*q**2 + 6*q**3. Calculate z(5).
3
Let z = -11 + 8. Let v(y) = -y**3 - 2*y**2 + y - 3. Give v(z).
3
Let j(u) be the second derivative of u**5/20 - 5*u**4/12 - 5*u**3/6 + 3*u**2/2 - u + 18. Determine j(6).
9
Let t be -3*4/6 - -6. Let s(q) = 5*q - 2*q**2 + 2 - q**2 + t*q**2. Let g be (5/15)/(2/(-12)). Determine s(g).
-4
Let u(f) = -2*f**2 + 2*f + 2. Let g(b) = b**3 - 12*b**2 + 29*b - 20. Let a be g(9). Determine u(a).
-10
Let h(d) = 48*d - 17*d - 1 - 25*d - 17*d. Determine h(-1).
10
Let i(u) be the second derivative of u**5/20 + 5*u**4/12 + 2*u**3/3 - 2*u**2 - 6*u. Calculate i(-4).
-4
Let t be 3*(8/3 - 2). Let u(k) be the third derivative of 0 + 1/3*k**3 - 1/24*k**4 + 2*k**t + 0*k. Give u(3).
-1
Let u(i) = -7*i - i - i**3 + 7*i - 4 + 2 - i**2. Let t be 4/14 + 414/21. Suppose -5*v = r - t, 0 = -r - 3*v + 17 - 5. What is u(r)?
-2
Let n(h) be the third derivative of 1/2*h**3 + 1/12*h**4 - 9*h**2 + 0*h + 0. Give n(-3).
-3
Let v(t) be the third derivative of -t**6/30 - t**4/24 + t**2. Let k = 13 + -10. Let q(o) = o - 2. Let c be q(k). Determine v(c).
-5
Let a(j) = j**2 + 7*j - 7. Let c be 2/((-8)/(-6))*224/(-48). Give a(c).
-7
Let a(c) = -6*c**2 - 11*c - 1. Let y(d) = 5*d**2 + 10*d. Let q(p) = 6*a(p) + 7*y(p). Give q(4).
-6
Let m(u) = 3*u**3 - 3*u**2 + 1. Let f be m(1). Let v(t) be the first derivative of 0*t - 2*t**2 + f - 4/3*t**3 - 1/4*t**4. Determine v(-3).
3
Let x = -10 + 15. Let v(n) = -7*n + 15. Let i(k) = 7 - 2*k + 2*k - 3*k. Let q(y) = 5*i(y) - 2*v(y). Calculate q(x).
0
Let d(x) be the third derivative of 0*x - 1/6*x**3 - 1/30*x**5 - 1/24*x**4 + 0 + 2*x**2. Let n = 3 + -5. Determine d(n).
-7
Let s(p) be the second derivative of -p**4/12 + p**3 - 2*p**2 - 2*p. What is s(4)?
4
Suppose -2*f = 2*f. Suppose -4*g = a - 16, 1 = -g - f*a + a. Let s(u) = -u**3 + 3*u**2 + 3. What is s(g)?
3
Let x(g) be the first derivative of -g**2 + 5/3*g**3 + 4 - g. Let w(t) = t**3 - t**2 - 2*t - 1. Let f be w(2). Give x(f).
6
Let w(s) be the third derivative of s**4/4 - s**3/6 + s**2. Let b = -1 + 4. Suppose 3*l + b = 6. What is w(l)?
5
Let m(a) = -2*a**2 + 3*a - 3. Let h(p) = -2*p**2 + 3*p - 3. Let v(f) = 5*h(f) - 4*m(f). Calculate v(4).
-23
Let s(a) be the first derivative of -1/4*a**4 - 2*a**2 + 5/3*a**3 - 9 + 0*a. Let i be ((-4)/2)/((-2)/3). Calculate s(i).
6
Let w(c) = -c**2 + c - 1 - 4*c + 4*c. What is w(3)?
-7
Let l(y) = 2*y - 4. Suppose 4*b = 3*g + 28, g - 3*g + 5*b = 28. Determine l(g).
-12
Let c = 9 + -7. Let r(n) be the second derivative of 0 - n - 1/12*n**4 + 3*n**c - 1/6*n**3. What is r(0)?
6
Let p(b) be the first derivative of b**3/3 + 2*b**2 - 3*b + 14. Calculate p(-6).
9
Let o = -29 - -54. Suppose -2*r + o = -3. Suppose 4 = -2*l, l - 4*l = -4*s + r. Let a(g) = g**2 - g - 1. What is a(s)?
1
Let b = 1/3 + 1/6. Let q(m) be the second derivative of 1/20*m**5 + 0 - 2*m + b*m**2 - 1/3*m**3 + 1/6*m**4. What is q(-3)?
-2
Let h(s) = -s**2 + 9. Let p(t) = 2*t + 4. Let v be p(-2). What is h(v)?
9
Let z(n) = -4*n**3 - 8*n**2 - 9*n + 2. Let i(c) = -3*c**3 - 7*c**2 - 8*c + 1. Let g(d) = -5*i(d) + 4*z(d). Determine g(4).
3
Let q(h) be the second derivative of -h**3/6 + 3*h**2/2 - 5*h. Let y(i) = -1. Let f(d) = q(d) + 6*y(d). Give f(0).
-3
Let f(z) = -2*z - 4 + 4 + 0*z + 4. Determine f(4).
-4
Let m(p) = -7*p + 2. Let n(o) = -6*o + 1. Let h(q) = 5*m(q) - 6*n(q). Suppose -2*v = -4, 0 = f - v + 7 + 1. What is h(f)?
-2
Let m(x) be the second derivative of x**5/20 + x**4/2 + x**3/6 + 7*x**2/2 - 15*x. Determine m(-6).
1
Let r(w) = -w**3 - w**2 + w. Let a(x) = 3*x**3 + 7*x**2 - 3*x + 4. Let d be 1*8*1/2. Let h(u) = d*r(u) + a(u). Determine h(4).
-8
Let n(o) = 0*o + 4*o**3 - 2*o**2 + o - 3*o + o**2 - 1. What is n(2)?
23
Let d = 7 - 2. Let j(s) = -15*s**3 - 3*s + 11*s**3 - s**2 + 1 + d*s**3. Let q(w) = w - 3. Let o be q(6). Give j(o).
10
Let n(p) = -p**3 - p**2 + 2*p + 2. Let w(i) = -i - 5. Let r be w(-8). Let k = -5 + r. What is n(k)?
2
Let r(h) be the second derivative of -h**4/12 - 7*h**3/6 - h**2 + 19*h. Calculate r(-3).
10
Let a(g) be the second derivative of g**3/6 - g**2/2 - 170*g. Suppose 47 = 3*i - 4*y, -4*y = y + 10. Suppose 5*c + i = -12. Give a(c).
-6
Let t(k) = -2*k**3 - k**2 - 2. Let q(j) be the second derivative of -j**5/2 - j**4/2 - 11*j**2/2 + 2*j. Let x(r) = -2*q(r) + 11*t(r). Determine x(1).
-1
Suppose 4 = -y - 0. Let m(a) = -a**2 - 2*a + 1. What is m(y)?
-7
Let c(j) = -2*j**3 + 24 - 6*j**2 - 23 + j**3 + 2*j. Determine c(-6).
-11
Suppose 0 = t + 2*r + 4, 17 = 5*t - 2*r - 11. Suppose -2*m + 4*m - 30 = 0. Suppose m = s - t*s. Let i(q) = -q**3 - 5*q**2 + 3. Determine i(s).
3
Let g(m) = m - 1. Let v(n) = n**2 - 16*n + 20. Let k be v(15). What is g(k)?
4
Let k = -659 - -662. Let h(c) = -4*c + 6. Let w(f) = 7*f - 11. Let u(m) = -5*h(m) - 3*w(m). Determine u(k).
0
Let f be 44/6 + 2/(-6). Let o(g) = -g**2 + 7*g - 5. Determine o(f).
-5
Let m(z) = z**3 - 3*z**2 + 3*z - 3. Let d be -1 + 0 + 0 + 3. Give m(d).
-1
Let w(g) = -g**2 - 27*g - 12. Let z be w(-27). Let k(j) = -j**2 - 12*j + 10. Calculate k(z).
10
Let h(y) = y**3 + 6*y**2 + 3*y - 5. Let v(x) = x**3 - x - 5. Let c be v(0). Determine h(c).
5
Suppose 2*o + o - 6 = 0. Let g(k) = -3. Let s(j) = j + 11. Let y(r) = o*s(r) + 9*g(r). Give y(6).
7
Let f(g) = g**2 + g + 4. Let c be f(0). Let p be (14/56)/((-1)/c). Let y(w) = -w**2 - w + 1. Determine y(p).
1
Let a(d) = -d**2 - 4*d - 4. Let k be (2 + -8)*3/(-9). Suppose -k = 3*u + 1. Let r = -2 + u. Give a(r).
-1
Let c(g) = -9*g + 4. Let z(v) = 10*v - 3. Let x(w) = -4*c(w) - 3*z(w). Let r(d) = -d**2 + 1. Let n(h) = -r(h) - x(h). What is n(6)?
6
Let h(v) = v**2 + 7*v + 5. Let b be h(-7). Let j(z) = b*z - 3*z + 4*z + z**3 + 3*z**2 + 4 - 2*z. Determine j(-3).
-8
Let g(o) = -5*o**3 - 5*o**2 + 2*o - 2. Let l(b) = -14*b**3 - 14*b**2 + 5*b - 6. Let z(m) = 8*g(m) - 3*l(m). Determine z(-2).
-8
Let c(v) = -v**2 + 4*v + 5. Let z(x) = -x**2 + 12*x - 21. Let k be z(9). Calculate c(k).
-7
Let t(x) be the second derivative of -7*x**4/6 - x**3/6 + x - 42. Calculate t(1).
-15
Let a(t) = t + 2. Let p(l) = -5*l**2. Suppose 2*o - d = 4, 5*d - 8 = o - 1. Suppose -3*n + o = 6. Let y be p(n). Determine a(y).
-3
Let u(v) = v**3 - 5. Let t(p) = -p**3 - 2*p**2 - p - 2. Let l be t(-2). What is u(l)?
-5
Let d(n) = 3*n - 1. Let q(y) = -13*y + 4. Let v(k) = 9*d(k) + 2*q(k). Let r(i) = 3*i + 4 + 3 - 11*i. Let p(b) = 2*r(b) + 14*v(b). Calculate p(-3).
6
Let a = -4 - -12. Let m = -11 + a. Let b = m - -5. Let t(c) = 2*c**2 - 2*c - 2. Give t(b).
2
Let c be ((-1)/(-2))/((-2)/4). Let t be (3*2 - c) + -2. Suppose -2*o - 11 = -q, -o + 8 - 36 = -t*q. Let f(k) = -k**2 + 4*k + 5. Determine f(q).
0
Let x = 9 + -5. Let d(u) = -x*u + u + 6 + 4*u + u - 6*u**2 - u**3. What is d(-6)?
-6
Let t(l) = -2*l**2 - 3*l + 3. Suppose 33 = 14*z - 3*z. Determine t(z).
-24
Let b(d) be the third derivative of d**5/120 + d**4/12 + d**3/3 + 3*d**2. Let j(s) be the first derivative of b(s). Give j(-3).
-1
Let g(z) = -z**2 + 5*z + 2. Let y(d) = d**3 - 5*d**2 - 6*d + 5. Let n be y(6). What is g(n)?
2
Let f(d) = 2*d**2. Let c be f(-2). Let o be c - 2 - 2/1. Let a(b) = -b + 2. Let m(j) = 1. Let n(q) = -a(q) + 3*m(q). Give n(o).
5
Let a(j) be the second derivative of -j**5/20 - j**4/6 - j**3/3 + j**2/2 - 15*j. What is a(-2)?
5
Let i(h) = -2*h - 2*h - 3 + h**2 - 5*h - 4. What is i(9)?
-7
Let u(i) = 7*i**3 + 2*i**2 + 4*i + 4. Let a(r) = 6*r**3 + 2*r**2 + 3*r + 4. Let o(m) = 6*a(m) - 5*u(m). Calculate o(-3).
1
Let n = -20 - -30. Suppose b = -b + n. Let m(u) = 0 - 5 + u**2 + u - b*u. Give m(4).
-5
Let r(x) = x - 3. Let i(t) = 5*t - 13. Let q(a) = 2*i(a) - 9*r(a). Let w be q(3). Let n(o) = -o**3 + 3*o**2 + 6*o - 2. Calculate n(w).
6
Let p = -70 + 68. Let g(a) = -a**3 + 2*a**2 + 2*a + 2. Determine g(p).
14
Let n(u) = -13*u**3 - 7*u**2 - 13*u. Let t(b)